{"id":9,"date":"2017-01-04T03:38:21","date_gmt":"2017-01-04T02:38:21","guid":{"rendered":"http:\/\/unfrenchie.fr\/?page_id=9"},"modified":"2017-04-18T06:09:08","modified_gmt":"2017-04-18T04:09:08","slug":"contact","status":"publish","type":"page","link":"http:\/\/unfrenchie.fr\/?page_id=9","title":{"rendered":"Contact"},"content":{"rendered":"<p>Les gens m\u2019appellent Jules mais tu peux m&#8217;appeler ce soir !<\/p>\n<p>Alors commence par me glisser ton doux pr\u00e9nom et ton message par pigeon voyageur en trois parties (le message en trois parties pas le pigeon hein, \u00e7a vole beaucoup moins bien sinon), ou \u00e0 d\u00e9faut (si t&#8217;as les crit\u00e8res) envois-moi un email !<\/p>\n<p>N&#8217;oublie pas de mettre un sujet. Et un verbe. Et \u00e9ventuellement un compliment.<\/p>\n<p>Merci !<\/p>\n<p>&nbsp;<\/p>\n<div data-test='contact-form' id='contact-form-9' class='wp-block-jetpack-contact-form-container '>\n<form action='http:\/\/unfrenchie.fr\/?page_id=9#contact-form-9' method='post' class='contact-form commentsblock' aria-label=\"Contact\" novalidate>\n\n<div style=\"\" class='grunion-field-name-wrap grunion-field-wrap'  >\n<label\n\t\t\t\tfor='g9-nom'\n\t\t\t\tclass='grunion-field-label name'>Nom<span class=\"grunion-label-required\" aria-hidden=\"true\">(required)<\/span><\/label>\n<input\n\t\t\t\t\ttype='text'\n\t\t\t\t\tname='g9-nom'\n\t\t\t\t\tid='g9-nom'\n\t\t\t\t\tvalue=''\n\t\t\t\t\tclass='name  grunion-field' \n\t\t\t\t\trequired aria-required='true' \/>\n\t<\/div>\n\n<div style=\"\" class='grunion-field-email-wrap grunion-field-wrap'  >\n<label\n\t\t\t\tfor='g9-email'\n\t\t\t\tclass='grunion-field-label email'>E-mail<span class=\"grunion-label-required\" aria-hidden=\"true\">(required)<\/span><\/label>\n<input\n\t\t\t\t\ttype='email'\n\t\t\t\t\tname='g9-email'\n\t\t\t\t\tid='g9-email'\n\t\t\t\t\tvalue=''\n\t\t\t\t\tclass='email  grunion-field' \n\t\t\t\t\trequired aria-required='true' \/>\n\t<\/div>\n\n<div style=\"\" class='grunion-field-text-wrap grunion-field-wrap'  >\n<label\n\t\t\t\tfor='g9-sujet'\n\t\t\t\tclass='grunion-field-label text'>Sujet<\/label>\n<input\n\t\t\t\t\ttype='text'\n\t\t\t\t\tname='g9-sujet'\n\t\t\t\t\tid='g9-sujet'\n\t\t\t\t\tvalue=''\n\t\t\t\t\tclass='text  grunion-field' \n\t\t\t\t\t \/>\n\t<\/div>\n\n<div style=\"\" class='grunion-field-textarea-wrap grunion-field-wrap'  >\n<label\n\t\t\t\tfor='contact-form-comment-g9-commentaire'\n\t\t\t\tclass='grunion-field-label textarea'>Commentaire<span class=\"grunion-label-required\" aria-hidden=\"true\">(required)<\/span><\/label>\n<textarea\n\t\t                style=''\n\t\t                name='g9-commentaire'\n\t\t                id='contact-form-comment-g9-commentaire'\n\t\t                rows='20' class='textarea  grunion-field'  required aria-required='true'><\/textarea>\n\t<\/div>\n\t<p class='contact-submit'>\n\t\t<button type='submit' class='pushbutton-wide'>Submit<\/button>\t\t<input type='hidden' name='contact-form-id' value='9' \/>\n\t\t<input type='hidden' name='action' value='grunion-contact-form' \/>\n\t\t<input type='hidden' name='contact-form-hash' value='49a575e1fbb32f7400c91f1d0c3a9120c72f64af' \/>\n\t<\/p>\n<p style=\"display: none !important;\" class=\"akismet-fields-container\" data-prefix=\"ak_\"><label>&#916;<textarea name=\"ak_hp_textarea\" cols=\"45\" rows=\"8\" maxlength=\"100\"><\/textarea><\/label><input type=\"hidden\" id=\"ak_js_1\" name=\"ak_js\" value=\"97\"\/><script>document.getElementById( \"ak_js_1\" ).setAttribute( \"value\", ( new Date() ).getTime() );<\/script><\/p><\/form>\n<\/div>\n","protected":false},"excerpt":{"rendered":"<p>Les gens m\u2019appellent Jules mais tu peux m&#8217;appeler ce soir !<\/p>\n<p>Alors commence par me glisser ton doux pr\u00e9nom et ton message par pigeon voyageur en trois parties (le message en trois parties pas le pigeon hein, \u00e7a vole beaucoup moins bien sinon), ou \u00e0 d\u00e9faut (si t&#8217;as les crit\u00e8res) envois-moi un email !<\/p>\n","protected":false},"author":1,"featured_media":117,"parent":0,"menu_order":0,"comment_status":"open","ping_status":"open","template":"","meta":{"jetpack_post_was_ever_published":false,"footnotes":""},"jetpack_sharing_enabled":true,"jetpack_shortlink":"https:\/\/wp.me\/P8sENR-9","jetpack-related-posts":[],"_links":{"self":[{"href":"http:\/\/unfrenchie.fr\/index.php?rest_route=\/wp\/v2\/pages\/9"}],"collection":[{"href":"http:\/\/unfrenchie.fr\/index.php?rest_route=\/wp\/v2\/pages"}],"about":[{"href":"http:\/\/unfrenchie.fr\/index.php?rest_route=\/wp\/v2\/types\/page"}],"author":[{"embeddable":true,"href":"http:\/\/unfrenchie.fr\/index.php?rest_route=\/wp\/v2\/users\/1"}],"replies":[{"embeddable":true,"href":"http:\/\/unfrenchie.fr\/index.php?rest_route=%2Fwp%2Fv2%2Fcomments&post=9"}],"version-history":[{"count":9,"href":"http:\/\/unfrenchie.fr\/index.php?rest_route=\/wp\/v2\/pages\/9\/revisions"}],"predecessor-version":[{"id":189,"href":"http:\/\/unfrenchie.fr\/index.php?rest_route=\/wp\/v2\/pages\/9\/revisions\/189"}],"wp:featuredmedia":[{"embeddable":true,"href":"http:\/\/unfrenchie.fr\/index.php?rest_route=\/wp\/v2\/media\/117"}],"wp:attachment":[{"href":"http:\/\/unfrenchie.fr\/index.php?rest_route=%2Fwp%2Fv2%2Fmedia&parent=9"}],"curies":[{"name":"wp","href":"https:\/\/api.w.org\/{rel}","templated":true}]}}